{"id":69,"date":"2016-05-28T10:52:53","date_gmt":"2016-05-28T08:52:53","guid":{"rendered":"http:\/\/www.xn--tsv-brli-4za.at\/?page_id=69"},"modified":"2024-02-05T11:35:00","modified_gmt":"2024-02-05T10:35:00","slug":"spenden","status":"publish","type":"page","link":"https:\/\/www.xn--tsv-brli-4za.at\/?page_id=69","title":{"rendered":"Spenden"},"content":{"rendered":"\t\t<div data-elementor-type=\"wp-page\" data-elementor-id=\"69\" class=\"elementor elementor-69\">\n\t\t\t\t\t\t\t\t\t<section class=\"elementor-section elementor-top-section elementor-element elementor-element-d3056e1 elementor-section-boxed elementor-section-height-default elementor-section-height-default\" data-id=\"d3056e1\" data-element_type=\"section\">\n\t\t\t\t\t\t<div class=\"elementor-container elementor-column-gap-default\">\n\t\t\t\t\t<div class=\"elementor-column elementor-col-50 elementor-top-column elementor-element elementor-element-45739a5\" data-id=\"45739a5\" data-element_type=\"column\">\n\t\t\t<div class=\"elementor-widget-wrap elementor-element-populated\">\n\t\t\t\t\t\t\t\t<div class=\"elementor-element elementor-element-7795c2b elementor-widget elementor-widget-text-editor\" data-id=\"7795c2b\" data-element_type=\"widget\" data-widget_type=\"text-editor.default\">\n\t\t\t\t<div class=\"elementor-widget-container\">\n\t\t\t<style>\/*! elementor - v3.17.0 - 25-10-2023 *\/\n.elementor-widget-text-editor.elementor-drop-cap-view-stacked .elementor-drop-cap{background-color:#69727d;color:#fff}.elementor-widget-text-editor.elementor-drop-cap-view-framed .elementor-drop-cap{color:#69727d;border:3px solid;background-color:transparent}.elementor-widget-text-editor:not(.elementor-drop-cap-view-default) .elementor-drop-cap{margin-top:8px}.elementor-widget-text-editor:not(.elementor-drop-cap-view-default) .elementor-drop-cap-letter{width:1em;height:1em}.elementor-widget-text-editor .elementor-drop-cap{float:left;text-align:center;line-height:1;font-size:50px}.elementor-widget-text-editor .elementor-drop-cap-letter{display:inline-block}<\/style>\t\t\t\t<h2>Danke, dass du den Tieren hilfst!<\/h2><p>Mit deiner Spende hilfst du uns dabei, hilfsbed\u00fcrftigen Tieren ein besseres Leben zu schenken. Insbesondere bedeutet das:<\/p><ul><li>Versorgung von Pflegekatzen<\/li><li>Kastration von Streunerkatzen<\/li><li>Hilfe f\u00fcr In-Not-Geratene Tierhalter:innen<\/li><li>Unterst\u00fctzung von Personen, die sich um Streunerkatzen k\u00fcmmern<\/li><li>Laufende Tierschutzprojekte in \u00d6sterreich<\/li><\/ul>\t\t\t\t\t\t<\/div>\n\t\t\t\t<\/div>\n\t\t\t\t\t<\/div>\n\t\t<\/div>\n\t\t\t\t<div class=\"elementor-column elementor-col-50 elementor-top-column elementor-element elementor-element-c061e0d\" data-id=\"c061e0d\" data-element_type=\"column\">\n\t\t\t<div class=\"elementor-widget-wrap elementor-element-populated\">\n\t\t\t\t\t\t\t\t<div class=\"elementor-element elementor-element-33a4ab9 elementor-invisible elementor-widget elementor-widget-image\" data-id=\"33a4ab9\" data-element_type=\"widget\" data-settings=\"{&quot;_animation&quot;:&quot;fadeInRight&quot;}\" data-widget_type=\"image.default\">\n\t\t\t\t<div class=\"elementor-widget-container\">\n\t\t\t<style>\/*! elementor - v3.17.0 - 25-10-2023 *\/\n.elementor-widget-image{text-align:center}.elementor-widget-image a{display:inline-block}.elementor-widget-image a img[src$=\".svg\"]{width:48px}.elementor-widget-image img{vertical-align:middle;display:inline-block}<\/style>\t\t\t\t\t\t\t\t\t\t\t\t<img loading=\"lazy\" decoding=\"async\" width=\"3328\" height=\"1872\" src=\"https:\/\/www.xn--tsv-brli-4za.at\/wp-content\/uploads\/2016\/06\/IMG_20160616_150014.jpg\" class=\"attachment-full size-full wp-image-441\" alt=\"\" srcset=\"https:\/\/www.xn--tsv-brli-4za.at\/wp-content\/uploads\/2016\/06\/IMG_20160616_150014.jpg 3328w, https:\/\/www.xn--tsv-brli-4za.at\/wp-content\/uploads\/2016\/06\/IMG_20160616_150014-768x432.jpg 768w\" sizes=\"auto, (max-width: 3328px) 100vw, 3328px\" \/>\t\t\t\t\t\t\t\t\t\t\t\t\t\t\t<\/div>\n\t\t\t\t<\/div>\n\t\t\t\t\t<\/div>\n\t\t<\/div>\n\t\t\t\t\t\t\t<\/div>\n\t\t<\/section>\n\t\t\t\t<section class=\"elementor-section elementor-top-section elementor-element elementor-element-79961fb elementor-section-boxed elementor-section-height-default elementor-section-height-default\" data-id=\"79961fb\" data-element_type=\"section\">\n\t\t\t\t\t\t<div class=\"elementor-container elementor-column-gap-default\">\n\t\t\t\t\t<div class=\"elementor-column elementor-col-50 elementor-top-column elementor-element elementor-element-c1e4cd9\" data-id=\"c1e4cd9\" data-element_type=\"column\" data-settings=\"{&quot;background_background&quot;:&quot;classic&quot;}\">\n\t\t\t<div class=\"elementor-widget-wrap elementor-element-populated\">\n\t\t\t\t\t\t\t\t<div class=\"elementor-element elementor-element-4309589 elementor-widget elementor-widget-text-editor\" data-id=\"4309589\" data-element_type=\"widget\" data-widget_type=\"text-editor.default\">\n\t\t\t\t<div class=\"elementor-widget-container\">\n\t\t\t\t\t\t\t<h3>Geldspenden<\/h3>\n<p>Jeder einzelne Euro hilft uns, den Tieren zu helfen!<\/p>\n<p>Wenn du uns unterst\u00fctzen m\u00f6chtest, \u00fcberweise den Betrag deiner Wahl bitte auf folgendes Konto:<\/p>\n<p>Steierm\u00e4rkische Sparkasse<br><strong>IBAN: AT42 2081 5000 2906 5042<\/strong><br>BIC: STSPAT2GXXX<\/p>\n<p>oder nutze die <strong>&#8222;An Freunde senden&#8220;-Funktion von Paypal<\/strong>. Logge dich daf\u00fcr einfach in deinem Paypal-Konto ein und \u00fcberweise uns den Betrag deiner Wahl auf unser Paypal-Konto info@tsv-b\u00e4rli.at.<\/p>\t\t\t\t\t\t<\/div>\n\t\t\t\t<\/div>\n\t\t\t\t<div class=\"elementor-element elementor-element-ff61e5b elementor-widget elementor-widget-image\" data-id=\"ff61e5b\" data-element_type=\"widget\" data-widget_type=\"image.default\">\n\t\t\t\t<div class=\"elementor-widget-container\">\n\t\t\t\t\t\t\t\t\t\t\t\t\t\t\t<img loading=\"lazy\" decoding=\"async\" width=\"947\" height=\"159\" src=\"https:\/\/www.xn--tsv-brli-4za.at\/wp-content\/uploads\/2023\/08\/paypal-sparkasse.png\" class=\"attachment-full size-full wp-image-1448\" alt=\"\" srcset=\"https:\/\/www.xn--tsv-brli-4za.at\/wp-content\/uploads\/2023\/08\/paypal-sparkasse.png 947w, https:\/\/www.xn--tsv-brli-4za.at\/wp-content\/uploads\/2023\/08\/paypal-sparkasse-768x129.png 768w\" sizes=\"auto, (max-width: 947px) 100vw, 947px\" \/>\t\t\t\t\t\t\t\t\t\t\t\t\t\t\t<\/div>\n\t\t\t\t<\/div>\n\t\t\t\t\t<\/div>\n\t\t<\/div>\n\t\t\t\t<div class=\"elementor-column elementor-col-50 elementor-top-column elementor-element elementor-element-8f90df4\" data-id=\"8f90df4\" data-element_type=\"column\" data-settings=\"{&quot;background_background&quot;:&quot;classic&quot;}\">\n\t\t\t<div class=\"elementor-widget-wrap elementor-element-populated\">\n\t\t\t\t\t\t\t\t<div class=\"elementor-element elementor-element-48be826 elementor-widget elementor-widget-text-editor\" data-id=\"48be826\" data-element_type=\"widget\" data-widget_type=\"text-editor.default\">\n\t\t\t\t<div class=\"elementor-widget-container\">\n\t\t\t\t\t\t\t<h3>Sachspenden<\/h3><p>Ob hochwertiges Futter, Katzenstreu, Spielzeug oder Kuschelh\u00f6hlen &#8211; wir freuen uns, wenn du uns hilfst, den Tieren eine angenehme Umgebung zu erschaffen und bestm\u00f6gliche Verpflegung zu erm\u00f6glichen.<\/p><p>Sachspenden k\u00f6nnt ihr gerne mit vorhergehender Terminvereinbarung bei uns pers\u00f6nlich abgeben oder ihr sendet sie uns per Post an:<\/p><p><strong>Tierschutzverein B\u00e4rli<\/strong><br \/><strong>Silberweg 22<\/strong><br \/><strong>8435 Wagna<\/strong><\/p>\t\t\t\t\t\t<\/div>\n\t\t\t\t<\/div>\n\t\t\t\t\t<\/div>\n\t\t<\/div>\n\t\t\t\t\t\t\t<\/div>\n\t\t<\/section>\n\t\t\t\t<section class=\"elementor-section elementor-top-section elementor-element elementor-element-6485529 elementor-section-boxed elementor-section-height-default elementor-section-height-default\" data-id=\"6485529\" data-element_type=\"section\">\n\t\t\t\t\t\t<div class=\"elementor-container elementor-column-gap-default\">\n\t\t\t\t\t<div class=\"elementor-column elementor-col-50 elementor-top-column elementor-element elementor-element-1a53aec\" data-id=\"1a53aec\" data-element_type=\"column\" data-settings=\"{&quot;background_background&quot;:&quot;classic&quot;}\">\n\t\t\t<div class=\"elementor-widget-wrap elementor-element-populated\">\n\t\t\t\t\t\t\t\t<div class=\"elementor-element elementor-element-a47efe3 elementor-widget elementor-widget-text-editor\" data-id=\"a47efe3\" data-element_type=\"widget\" data-widget_type=\"text-editor.default\">\n\t\t\t\t<div class=\"elementor-widget-container\">\n\t\t\t\t\t\t\t<h3>Teaming<\/h3><p>1 Euro im Monat klingt wenig? F\u00fcr uns ist es ein wichtiger Beitrag, um unsere Tiere bestens zu versorgen.<\/p><p>Bei Teaming hast du die M\u00f6glichkeit, uns mit einem geringen Betrag von 1 Euro im Monat zu unterst\u00fctzen. 1 Euro ist vielleicht nicht viel, aber jeder Cent hilft uns dabei, unser Bestes zu geben und den Tieren ein besseres Leben zu schenken.<\/p><p>Wenn du Fragen hast, kannst du dich jederzeit bei uns melden &#8211; wir informieren dich gerne!<\/p>\t\t\t\t\t\t<\/div>\n\t\t\t\t<\/div>\n\t\t\t\t<div class=\"elementor-element elementor-element-94d236e elementor-widget__width-initial elementor-widget elementor-widget-image\" data-id=\"94d236e\" data-element_type=\"widget\" data-widget_type=\"image.default\">\n\t\t\t\t<div class=\"elementor-widget-container\">\n\t\t\t\t\t\t\t\t\t\t\t\t\t\t\t<img loading=\"lazy\" decoding=\"async\" width=\"640\" height=\"148\" src=\"https:\/\/www.xn--tsv-brli-4za.at\/wp-content\/uploads\/2023\/08\/teaming-768x178.png\" class=\"attachment-medium_large size-medium_large wp-image-1417\" alt=\"\" srcset=\"https:\/\/www.xn--tsv-brli-4za.at\/wp-content\/uploads\/2023\/08\/teaming-768x178.png 768w, https:\/\/www.xn--tsv-brli-4za.at\/wp-content\/uploads\/2023\/08\/teaming.png 792w\" sizes=\"auto, (max-width: 640px) 100vw, 640px\" \/>\t\t\t\t\t\t\t\t\t\t\t\t\t\t\t<\/div>\n\t\t\t\t<\/div>\n\t\t\t\t<div class=\"elementor-element elementor-element-19e0fe6 elementor-widget elementor-widget-button\" data-id=\"19e0fe6\" data-element_type=\"widget\" data-widget_type=\"button.default\">\n\t\t\t\t<div class=\"elementor-widget-container\">\n\t\t\t\t\t<div class=\"elementor-button-wrapper\">\n\t\t\t<a class=\"elementor-button elementor-button-link elementor-size-md\" href=\"https:\/\/www.teaming.net\/tierschutzvereinbarli\">\n\t\t\t\t\t\t<span class=\"elementor-button-content-wrapper\">\n\t\t\t\t\t\t<span class=\"elementor-button-icon elementor-align-icon-left\">\n\t\t\t\t<i aria-hidden=\"true\" class=\"fas fa-donate\"><\/i>\t\t\t<\/span>\n\t\t\t\t\t\t<span class=\"elementor-button-text\">Unterst\u00fctze uns jetzt auf Teaming!<\/span>\n\t\t<\/span>\n\t\t\t\t\t<\/a>\n\t\t<\/div>\n\t\t\t\t<\/div>\n\t\t\t\t<\/div>\n\t\t\t\t\t<\/div>\n\t\t<\/div>\n\t\t\t\t<div class=\"elementor-column elementor-col-50 elementor-top-column elementor-element elementor-element-2f4984f\" data-id=\"2f4984f\" data-element_type=\"column\" data-settings=\"{&quot;background_background&quot;:&quot;classic&quot;}\">\n\t\t\t<div class=\"elementor-widget-wrap elementor-element-populated\">\n\t\t\t\t\t\t\t\t<div class=\"elementor-element elementor-element-a2b6682 elementor-widget elementor-widget-text-editor\" data-id=\"a2b6682\" data-element_type=\"widget\" data-widget_type=\"text-editor.default\">\n\t\t\t\t<div class=\"elementor-widget-container\">\n\t\t\t\t\t\t\t<h3>Gooding<\/h3><p>Du willst unseren Verein unterst\u00fctzen? Das geht jetzt noch einfacher, indem du bei deinen Lieblings-Online-Shops \u00fcber die Charity-Plattform Gooding wie gewohnt bestellst. Ein Teil davon geht automatisch an unseren Tierschutzverein&#8230; und das nat\u00fcrlich kostenlos und effektiv!<\/p>\t\t\t\t\t\t<\/div>\n\t\t\t\t<\/div>\n\t\t\t\t<div class=\"elementor-element elementor-element-d7f5575 elementor-widget__width-initial elementor-widget elementor-widget-image\" data-id=\"d7f5575\" data-element_type=\"widget\" data-widget_type=\"image.default\">\n\t\t\t\t<div class=\"elementor-widget-container\">\n\t\t\t\t\t\t\t\t\t\t\t\t\t\t\t<img loading=\"lazy\" decoding=\"async\" width=\"640\" height=\"208\" src=\"https:\/\/www.xn--tsv-brli-4za.at\/wp-content\/uploads\/2024\/02\/Gooding-Logo-mit-Claim-Mittel-768x249.png\" class=\"attachment-medium_large size-medium_large wp-image-1532\" alt=\"\" srcset=\"https:\/\/www.xn--tsv-brli-4za.at\/wp-content\/uploads\/2024\/02\/Gooding-Logo-mit-Claim-Mittel-768x249.png 768w, https:\/\/www.xn--tsv-brli-4za.at\/wp-content\/uploads\/2024\/02\/Gooding-Logo-mit-Claim-Mittel.png 1004w\" sizes=\"auto, (max-width: 640px) 100vw, 640px\" \/>\t\t\t\t\t\t\t\t\t\t\t\t\t\t\t<\/div>\n\t\t\t\t<\/div>\n\t\t\t\t<div class=\"elementor-element elementor-element-4088f4c elementor-widget elementor-widget-button\" data-id=\"4088f4c\" data-element_type=\"widget\" data-widget_type=\"button.default\">\n\t\t\t\t<div class=\"elementor-widget-container\">\n\t\t\t\t\t<div class=\"elementor-button-wrapper\">\n\t\t\t<a class=\"elementor-button elementor-button-link elementor-size-md\" href=\"https:\/\/www.gooding.de\/tierschutzverein-baerli-104655\">\n\t\t\t\t\t\t<span class=\"elementor-button-content-wrapper\">\n\t\t\t\t\t\t<span class=\"elementor-button-icon elementor-align-icon-left\">\n\t\t\t\t<i aria-hidden=\"true\" class=\"fas fa-hands-helping\"><\/i>\t\t\t<\/span>\n\t\t\t\t\t\t<span class=\"elementor-button-text\">Unterst\u00fctze uns jetzt auf Gooding!<\/span>\n\t\t<\/span>\n\t\t\t\t\t<\/a>\n\t\t<\/div>\n\t\t\t\t<\/div>\n\t\t\t\t<\/div>\n\t\t\t\t\t<\/div>\n\t\t<\/div>\n\t\t\t\t\t\t\t<\/div>\n\t\t<\/section>\n\t\t\t\t<section class=\"elementor-section elementor-top-section elementor-element elementor-element-56a7cbe elementor-section-boxed elementor-section-height-default elementor-section-height-default\" data-id=\"56a7cbe\" data-element_type=\"section\">\n\t\t\t\t\t\t<div class=\"elementor-container elementor-column-gap-default\">\n\t\t\t\t\t<div class=\"elementor-column elementor-col-100 elementor-top-column elementor-element elementor-element-cbe53cb\" data-id=\"cbe53cb\" data-element_type=\"column\" data-settings=\"{&quot;background_background&quot;:&quot;classic&quot;}\">\n\t\t\t<div class=\"elementor-widget-wrap elementor-element-populated\">\n\t\t\t\t\t\t\t\t<div class=\"elementor-element elementor-element-d2a98ee elementor-widget elementor-widget-text-editor\" data-id=\"d2a98ee\" data-element_type=\"widget\" data-widget_type=\"text-editor.default\">\n\t\t\t\t<div class=\"elementor-widget-container\">\n\t\t\t\t\t\t\t<h3>Amazon-Wishlist<\/h3><h3><span style=\"color: #64686d; font-family: OpenSansRegular;\"><span style=\"font-size: 15px; font-weight: 400;\">Auf unserer Amazon-Wishlist befinden sich Artikel, die wir immer wieder gut gebrauchen k\u00f6nnen. Wenn du uns gerne unterst\u00fctzen m\u00f6chtest, dann kannst du uns auch etwas von unserer Wunschliste bestellen und zu uns schicken lassen. Vielen Dank f\u00fcr deine Hilfe!<\/span><\/span><\/h3>\t\t\t\t\t\t<\/div>\n\t\t\t\t<\/div>\n\t\t\t\t<div class=\"elementor-element elementor-element-cfcd4ae elementor-widget__width-initial elementor-widget elementor-widget-image\" data-id=\"cfcd4ae\" data-element_type=\"widget\" data-widget_type=\"image.default\">\n\t\t\t\t<div class=\"elementor-widget-container\">\n\t\t\t\t\t\t\t\t\t\t\t\t\t\t\t\t<a href=\"https:\/\/www.amazon.de\/gp\/registry\/wishlist\/RV6XA1O6GCHH\/ref=nav_wishlist_lists_1\">\n\t\t\t\t\t\t\t<img loading=\"lazy\" decoding=\"async\" width=\"2513\" height=\"758\" src=\"https:\/\/www.xn--tsv-brli-4za.at\/wp-content\/uploads\/2023\/08\/Amazon_logo.png\" class=\"attachment-full size-full wp-image-1454\" alt=\"\" srcset=\"https:\/\/www.xn--tsv-brli-4za.at\/wp-content\/uploads\/2023\/08\/Amazon_logo.png 2513w, https:\/\/www.xn--tsv-brli-4za.at\/wp-content\/uploads\/2023\/08\/Amazon_logo-768x232.png 768w, https:\/\/www.xn--tsv-brli-4za.at\/wp-content\/uploads\/2023\/08\/Amazon_logo-1536x463.png 1536w, https:\/\/www.xn--tsv-brli-4za.at\/wp-content\/uploads\/2023\/08\/Amazon_logo-2048x618.png 2048w\" sizes=\"auto, (max-width: 2513px) 100vw, 2513px\" \/>\t\t\t\t\t\t\t\t<\/a>\n\t\t\t\t\t\t\t\t\t\t\t\t\t\t\t<\/div>\n\t\t\t\t<\/div>\n\t\t\t\t\t<\/div>\n\t\t<\/div>\n\t\t\t\t\t\t\t<\/div>\n\t\t<\/section>\n\t\t\t\t\t\t\t<\/div>\n\t\t","protected":false},"excerpt":{"rendered":"<p>Danke, dass du den Tieren hilfst! Mit deiner Spende hilfst du uns dabei, hilfsbed\u00fcrftigen Tieren ein besseres Leben zu schenken. Insbesondere bedeutet das: Versorgung von Pflegekatzen Kastration von Streunerkatzen Hilfe f\u00fcr In-Not-Geratene Tierhalter:innen Unterst\u00fctzung von Personen, die sich um Streunerkatzen k\u00fcmmern Laufende Tierschutzprojekte in \u00d6sterreich Geldspenden Jeder einzelne Euro hilft uns, den Tieren zu helfen! Wenn du uns unterst\u00fctzen m\u00f6chtest,&#8230;<\/p>\n","protected":false},"author":1,"featured_media":0,"parent":0,"menu_order":0,"comment_status":"closed","ping_status":"closed","template":"","meta":{"_mi_skip_tracking":false,"_exactmetrics_sitenote_active":false,"_exactmetrics_sitenote_note":"","_exactmetrics_sitenote_category":0,"footnotes":""},"class_list":["post-69","page","type-page","status-publish","hentry"],"_links":{"self":[{"href":"https:\/\/www.xn--tsv-brli-4za.at\/index.php?rest_route=\/wp\/v2\/pages\/69","targetHints":{"allow":["GET"]}}],"collection":[{"href":"https:\/\/www.xn--tsv-brli-4za.at\/index.php?rest_route=\/wp\/v2\/pages"}],"about":[{"href":"https:\/\/www.xn--tsv-brli-4za.at\/index.php?rest_route=\/wp\/v2\/types\/page"}],"author":[{"embeddable":true,"href":"https:\/\/www.xn--tsv-brli-4za.at\/index.php?rest_route=\/wp\/v2\/users\/1"}],"replies":[{"embeddable":true,"href":"https:\/\/www.xn--tsv-brli-4za.at\/index.php?rest_route=%2Fwp%2Fv2%2Fcomments&post=69"}],"version-history":[{"count":50,"href":"https:\/\/www.xn--tsv-brli-4za.at\/index.php?rest_route=\/wp\/v2\/pages\/69\/revisions"}],"predecessor-version":[{"id":1539,"href":"https:\/\/www.xn--tsv-brli-4za.at\/index.php?rest_route=\/wp\/v2\/pages\/69\/revisions\/1539"}],"wp:attachment":[{"href":"https:\/\/www.xn--tsv-brli-4za.at\/index.php?rest_route=%2Fwp%2Fv2%2Fmedia&parent=69"}],"curies":[{"name":"wp","href":"https:\/\/api.w.org\/{rel}","templated":true}]}}