{"id":160,"date":"2016-06-04T07:47:53","date_gmt":"2016-06-04T05:47:53","guid":{"rendered":"http:\/\/www.xn--tsv-brli-4za.at\/?page_id=160"},"modified":"2023-08-15T20:32:31","modified_gmt":"2023-08-15T18:32:31","slug":"ernaehrung-und-impfung","status":"publish","type":"page","link":"https:\/\/www.xn--tsv-brli-4za.at\/?page_id=160","title":{"rendered":"Ern\u00e4hrung und Impfung"},"content":{"rendered":"\t\t<div data-elementor-type=\"wp-page\" data-elementor-id=\"160\" class=\"elementor elementor-160\">\n\t\t\t\t\t\t\t\t\t<section class=\"elementor-section elementor-top-section elementor-element elementor-element-367a02e3 elementor-section-boxed elementor-section-height-default elementor-section-height-default\" data-id=\"367a02e3\" data-element_type=\"section\">\n\t\t\t\t\t\t<div class=\"elementor-container elementor-column-gap-default\">\n\t\t\t\t\t<div class=\"elementor-column elementor-col-100 elementor-top-column elementor-element elementor-element-50a81f65\" data-id=\"50a81f65\" data-element_type=\"column\">\n\t\t\t<div class=\"elementor-widget-wrap elementor-element-populated\">\n\t\t\t\t\t\t\t\t<div class=\"elementor-element elementor-element-1c72359e elementor-widget elementor-widget-text-editor\" data-id=\"1c72359e\" data-element_type=\"widget\" data-widget_type=\"text-editor.default\">\n\t\t\t\t<div class=\"elementor-widget-container\">\n\t\t\t<style>\/*! elementor - v3.17.0 - 25-10-2023 *\/\n.elementor-widget-text-editor.elementor-drop-cap-view-stacked .elementor-drop-cap{background-color:#69727d;color:#fff}.elementor-widget-text-editor.elementor-drop-cap-view-framed .elementor-drop-cap{color:#69727d;border:3px solid;background-color:transparent}.elementor-widget-text-editor:not(.elementor-drop-cap-view-default) .elementor-drop-cap{margin-top:8px}.elementor-widget-text-editor:not(.elementor-drop-cap-view-default) .elementor-drop-cap-letter{width:1em;height:1em}.elementor-widget-text-editor .elementor-drop-cap{float:left;text-align:center;line-height:1;font-size:50px}.elementor-widget-text-editor .elementor-drop-cap-letter{display:inline-block}<\/style>\t\t\t\t<h2>Lebensfreude beginnt beim Futter: Gesundes Essen f\u00fcr zufriedene Pfoten.<\/h2>\t\t\t\t\t\t<\/div>\n\t\t\t\t<\/div>\n\t\t\t\t\t<\/div>\n\t\t<\/div>\n\t\t\t\t\t\t\t<\/div>\n\t\t<\/section>\n\t\t\t\t<section class=\"elementor-section elementor-top-section elementor-element elementor-element-ea51ded elementor-section-boxed elementor-section-height-default elementor-section-height-default\" data-id=\"ea51ded\" data-element_type=\"section\">\n\t\t\t\t\t\t<div class=\"elementor-container elementor-column-gap-default\">\n\t\t\t\t\t<div class=\"elementor-column elementor-col-50 elementor-top-column elementor-element elementor-element-8bc9872\" data-id=\"8bc9872\" data-element_type=\"column\">\n\t\t\t<div class=\"elementor-widget-wrap elementor-element-populated\">\n\t\t\t\t\t\t\t\t<div class=\"elementor-element elementor-element-35dc564 elementor-widget elementor-widget-text-editor\" data-id=\"35dc564\" data-element_type=\"widget\" data-widget_type=\"text-editor.default\">\n\t\t\t\t<div class=\"elementor-widget-container\">\n\t\t\t\t\t\t\t<h4>Barfen (Bones and raw food): Die nat\u00fcrliche Ern\u00e4hrung der Katze und des Hundes<\/h4><p>Wir empfehlen auf diesem Wege das Buch von Dr. Jutta Ziegler: &#8222;Schwarzbuch Tierarzt &#8211; Hunde w\u00fcrden l\u00e4nger leben, wenn&#8220;.<\/p><h3>Die Warheit \u00fcber Katzen- bzw. Hundefutter:<\/h3><p>Leider werden die meisten Tierhalter:innen von den meisten Katzen- und Hundefutterherstellern ziemlich hinters Licht gef\u00fchrt. In den meisten Dosen bzw. im Trockenfutter ist sehr viel &#8222;M\u00fcll&#8220; drinnen: Unmengen an Getreide, da es billig ist, k\u00fcnstliche Vitamine und Zusatzstoffe, Aromen sowie Lockstoffe, ohne denen Tiere das Futter vermutlich nicht mal anr\u00fchren w\u00fcrden.<\/p><p>Katzen sind prinzipiell reine Fleischfresser und ben\u00f6tigen genauso wie Hunde, die Karnivore sind, kein Getreide. Der kleine Teil an Fleisch, der im Futter enthalten ist, wird zu stark erhitzt, sodass auch nur wenige N\u00e4hrstoffe \u00fcbrig bleiben.<\/p>\t\t\t\t\t\t<\/div>\n\t\t\t\t<\/div>\n\t\t\t\t\t<\/div>\n\t\t<\/div>\n\t\t\t\t<div class=\"elementor-column elementor-col-50 elementor-top-column elementor-element elementor-element-de77a7b\" data-id=\"de77a7b\" data-element_type=\"column\">\n\t\t\t<div class=\"elementor-widget-wrap elementor-element-populated\">\n\t\t\t\t\t\t\t\t<div class=\"elementor-element elementor-element-d6e65e8 elementor-widget elementor-widget-image\" data-id=\"d6e65e8\" data-element_type=\"widget\" data-widget_type=\"image.default\">\n\t\t\t\t<div class=\"elementor-widget-container\">\n\t\t\t<style>\/*! elementor - v3.17.0 - 25-10-2023 *\/\n.elementor-widget-image{text-align:center}.elementor-widget-image a{display:inline-block}.elementor-widget-image a img[src$=\".svg\"]{width:48px}.elementor-widget-image img{vertical-align:middle;display:inline-block}<\/style>\t\t\t\t\t\t\t\t\t\t\t\t<img loading=\"lazy\" decoding=\"async\" width=\"640\" height=\"640\" src=\"https:\/\/www.xn--tsv-brli-4za.at\/wp-content\/uploads\/2023\/08\/barf-1024x1024.jpeg\" class=\"attachment-large size-large wp-image-1386\" alt=\"\" srcset=\"https:\/\/www.xn--tsv-brli-4za.at\/wp-content\/uploads\/2023\/08\/barf-1024x1024.jpeg 1024w, https:\/\/www.xn--tsv-brli-4za.at\/wp-content\/uploads\/2023\/08\/barf-300x300.jpeg 300w, https:\/\/www.xn--tsv-brli-4za.at\/wp-content\/uploads\/2023\/08\/barf-150x150.jpeg 150w\" sizes=\"auto, (max-width: 640px) 100vw, 640px\" \/>\t\t\t\t\t\t\t\t\t\t\t\t\t\t\t<\/div>\n\t\t\t\t<\/div>\n\t\t\t\t\t<\/div>\n\t\t<\/div>\n\t\t\t\t\t\t\t<\/div>\n\t\t<\/section>\n\t\t\t\t<section class=\"elementor-section elementor-top-section elementor-element elementor-element-59e0cfb elementor-section-boxed elementor-section-height-default elementor-section-height-default\" data-id=\"59e0cfb\" data-element_type=\"section\">\n\t\t\t\t\t\t<div class=\"elementor-container elementor-column-gap-default\">\n\t\t\t\t\t<div class=\"elementor-column elementor-col-100 elementor-top-column elementor-element elementor-element-c96ee14\" data-id=\"c96ee14\" data-element_type=\"column\">\n\t\t\t<div class=\"elementor-widget-wrap elementor-element-populated\">\n\t\t\t\t\t\t\t\t<div class=\"elementor-element elementor-element-4502d54 elementor-widget elementor-widget-text-editor\" data-id=\"4502d54\" data-element_type=\"widget\" data-widget_type=\"text-editor.default\">\n\t\t\t\t<div class=\"elementor-widget-container\">\n\t\t\t\t\t\t\t<p>Warum Tierarztkosten f\u00fcr Haustiere oftmals so hoch sind, kann man sich damit wohl denken.<\/p><p>Wir pers\u00f6nlich sind der Meinung, dass BARF die beste Ern\u00e4hrung f\u00fcr Katzen und Hunde ist. Nat\u00fcrlich gibt es auch hochwertiges Nass- und Trockenfutter, dieses ist aber in den meisten F\u00e4llen extrem \u00fcberteuert und nicht \u00fcberall zu finden.<\/p><p>Die Gesundheit deines Lieblings liegt dir am Herzen? Dann fang mit der Ern\u00e4hrung an! Bei Fragen stehen wir gerne zur Verf\u00fcgung.<\/p>\t\t\t\t\t\t<\/div>\n\t\t\t\t<\/div>\n\t\t\t\t<div class=\"elementor-element elementor-element-d94ab48 elementor-widget-divider--view-line elementor-widget elementor-widget-divider\" data-id=\"d94ab48\" data-element_type=\"widget\" data-widget_type=\"divider.default\">\n\t\t\t\t<div class=\"elementor-widget-container\">\n\t\t\t<style>\/*! elementor - v3.17.0 - 25-10-2023 *\/\n.elementor-widget-divider{--divider-border-style:none;--divider-border-width:1px;--divider-color:#0c0d0e;--divider-icon-size:20px;--divider-element-spacing:10px;--divider-pattern-height:24px;--divider-pattern-size:20px;--divider-pattern-url:none;--divider-pattern-repeat:repeat-x}.elementor-widget-divider .elementor-divider{display:flex}.elementor-widget-divider .elementor-divider__text{font-size:15px;line-height:1;max-width:95%}.elementor-widget-divider .elementor-divider__element{margin:0 var(--divider-element-spacing);flex-shrink:0}.elementor-widget-divider .elementor-icon{font-size:var(--divider-icon-size)}.elementor-widget-divider .elementor-divider-separator{display:flex;margin:0;direction:ltr}.elementor-widget-divider--view-line_icon .elementor-divider-separator,.elementor-widget-divider--view-line_text .elementor-divider-separator{align-items:center}.elementor-widget-divider--view-line_icon .elementor-divider-separator:after,.elementor-widget-divider--view-line_icon .elementor-divider-separator:before,.elementor-widget-divider--view-line_text .elementor-divider-separator:after,.elementor-widget-divider--view-line_text .elementor-divider-separator:before{display:block;content:\"\";border-bottom:0;flex-grow:1;border-top:var(--divider-border-width) var(--divider-border-style) var(--divider-color)}.elementor-widget-divider--element-align-left .elementor-divider .elementor-divider-separator>.elementor-divider__svg:first-of-type{flex-grow:0;flex-shrink:100}.elementor-widget-divider--element-align-left .elementor-divider-separator:before{content:none}.elementor-widget-divider--element-align-left .elementor-divider__element{margin-left:0}.elementor-widget-divider--element-align-right .elementor-divider .elementor-divider-separator>.elementor-divider__svg:last-of-type{flex-grow:0;flex-shrink:100}.elementor-widget-divider--element-align-right .elementor-divider-separator:after{content:none}.elementor-widget-divider--element-align-right .elementor-divider__element{margin-right:0}.elementor-widget-divider:not(.elementor-widget-divider--view-line_text):not(.elementor-widget-divider--view-line_icon) .elementor-divider-separator{border-top:var(--divider-border-width) var(--divider-border-style) var(--divider-color)}.elementor-widget-divider--separator-type-pattern{--divider-border-style:none}.elementor-widget-divider--separator-type-pattern.elementor-widget-divider--view-line .elementor-divider-separator,.elementor-widget-divider--separator-type-pattern:not(.elementor-widget-divider--view-line) .elementor-divider-separator:after,.elementor-widget-divider--separator-type-pattern:not(.elementor-widget-divider--view-line) .elementor-divider-separator:before,.elementor-widget-divider--separator-type-pattern:not([class*=elementor-widget-divider--view]) .elementor-divider-separator{width:100%;min-height:var(--divider-pattern-height);-webkit-mask-size:var(--divider-pattern-size) 100%;mask-size:var(--divider-pattern-size) 100%;-webkit-mask-repeat:var(--divider-pattern-repeat);mask-repeat:var(--divider-pattern-repeat);background-color:var(--divider-color);-webkit-mask-image:var(--divider-pattern-url);mask-image:var(--divider-pattern-url)}.elementor-widget-divider--no-spacing{--divider-pattern-size:auto}.elementor-widget-divider--bg-round{--divider-pattern-repeat:round}.rtl .elementor-widget-divider .elementor-divider__text{direction:rtl}.e-con-inner>.elementor-widget-divider,.e-con>.elementor-widget-divider{width:var(--container-widget-width,100%);--flex-grow:var(--container-widget-flex-grow)}<\/style>\t\t<div class=\"elementor-divider\">\n\t\t\t<span class=\"elementor-divider-separator\">\n\t\t\t\t\t\t<\/span>\n\t\t<\/div>\n\t\t\t\t<\/div>\n\t\t\t\t<\/div>\n\t\t\t\t\t<\/div>\n\t\t<\/div>\n\t\t\t\t\t\t\t<\/div>\n\t\t<\/section>\n\t\t\t\t<section class=\"elementor-section elementor-top-section elementor-element elementor-element-bd9ff0e elementor-section-boxed elementor-section-height-default elementor-section-height-default\" data-id=\"bd9ff0e\" data-element_type=\"section\">\n\t\t\t\t\t\t<div class=\"elementor-container elementor-column-gap-default\">\n\t\t\t\t\t<div class=\"elementor-column elementor-col-50 elementor-top-column elementor-element elementor-element-427a337\" data-id=\"427a337\" data-element_type=\"column\">\n\t\t\t<div class=\"elementor-widget-wrap elementor-element-populated\">\n\t\t\t\t\t\t\t\t<div class=\"elementor-element elementor-element-2da1d17 elementor-widget elementor-widget-image\" data-id=\"2da1d17\" data-element_type=\"widget\" data-widget_type=\"image.default\">\n\t\t\t\t<div class=\"elementor-widget-container\">\n\t\t\t\t\t\t\t\t\t\t\t\t\t\t\t<img loading=\"lazy\" decoding=\"async\" width=\"640\" height=\"640\" src=\"https:\/\/www.xn--tsv-brli-4za.at\/wp-content\/uploads\/2023\/08\/impfung-katze-1024x1024.jpeg\" class=\"attachment-large size-large wp-image-1387\" alt=\"\" srcset=\"https:\/\/www.xn--tsv-brli-4za.at\/wp-content\/uploads\/2023\/08\/impfung-katze-1024x1024.jpeg 1024w, https:\/\/www.xn--tsv-brli-4za.at\/wp-content\/uploads\/2023\/08\/impfung-katze-300x300.jpeg 300w, https:\/\/www.xn--tsv-brli-4za.at\/wp-content\/uploads\/2023\/08\/impfung-katze-150x150.jpeg 150w\" sizes=\"auto, (max-width: 640px) 100vw, 640px\" \/>\t\t\t\t\t\t\t\t\t\t\t\t\t\t\t<\/div>\n\t\t\t\t<\/div>\n\t\t\t\t\t<\/div>\n\t\t<\/div>\n\t\t\t\t<div class=\"elementor-column elementor-col-50 elementor-top-column elementor-element elementor-element-8f45149\" data-id=\"8f45149\" data-element_type=\"column\">\n\t\t\t<div class=\"elementor-widget-wrap elementor-element-populated\">\n\t\t\t\t\t\t\t\t<div class=\"elementor-element elementor-element-d9171cb elementor-widget elementor-widget-text-editor\" data-id=\"d9171cb\" data-element_type=\"widget\" data-widget_type=\"text-editor.default\">\n\t\t\t\t<div class=\"elementor-widget-container\">\n\t\t\t\t\t\t\t<h2>Die Impfung<\/h2><p>Wir sind der Meinung, dass Haustiere zu viel und zu oft geimpft werden. Eine Grundimmunisierung bei jungen Katzen ist v\u00f6llig in Ordnung. Laut Dr. Jutta Ziegler h\u00e4lt der Impfschutz f\u00fcr mindestens sieben Jahre.<\/p><p>Eine j\u00e4hrliche Auffrischung ist somit nicht notwendig. Wenn du Fragen hast, informieren wir dich gerne!<\/p>\t\t\t\t\t\t<\/div>\n\t\t\t\t<\/div>\n\t\t\t\t\t<\/div>\n\t\t<\/div>\n\t\t\t\t\t\t\t<\/div>\n\t\t<\/section>\n\t\t\t\t\t\t\t<\/div>\n\t\t","protected":false},"excerpt":{"rendered":"<p>Lebensfreude beginnt beim Futter: Gesundes Essen f\u00fcr zufriedene Pfoten. Barfen (Bones and raw food): Die nat\u00fcrliche Ern\u00e4hrung der Katze und des Hundes Wir empfehlen auf diesem Wege das Buch von Dr. Jutta Ziegler: &#8222;Schwarzbuch Tierarzt &#8211; Hunde w\u00fcrden l\u00e4nger leben, wenn&#8220;. Die Warheit \u00fcber Katzen- bzw. Hundefutter: Leider werden die meisten Tierhalter:innen von den meisten Katzen- und Hundefutterherstellern ziemlich hinters&#8230;<\/p>\n","protected":false},"author":1,"featured_media":0,"parent":0,"menu_order":0,"comment_status":"closed","ping_status":"closed","template":"","meta":{"_mi_skip_tracking":false,"_exactmetrics_sitenote_active":false,"_exactmetrics_sitenote_note":"","_exactmetrics_sitenote_category":0,"footnotes":""},"class_list":["post-160","page","type-page","status-publish","hentry"],"_links":{"self":[{"href":"https:\/\/www.xn--tsv-brli-4za.at\/index.php?rest_route=\/wp\/v2\/pages\/160","targetHints":{"allow":["GET"]}}],"collection":[{"href":"https:\/\/www.xn--tsv-brli-4za.at\/index.php?rest_route=\/wp\/v2\/pages"}],"about":[{"href":"https:\/\/www.xn--tsv-brli-4za.at\/index.php?rest_route=\/wp\/v2\/types\/page"}],"author":[{"embeddable":true,"href":"https:\/\/www.xn--tsv-brli-4za.at\/index.php?rest_route=\/wp\/v2\/users\/1"}],"replies":[{"embeddable":true,"href":"https:\/\/www.xn--tsv-brli-4za.at\/index.php?rest_route=%2Fwp%2Fv2%2Fcomments&post=160"}],"version-history":[{"count":17,"href":"https:\/\/www.xn--tsv-brli-4za.at\/index.php?rest_route=\/wp\/v2\/pages\/160\/revisions"}],"predecessor-version":[{"id":1404,"href":"https:\/\/www.xn--tsv-brli-4za.at\/index.php?rest_route=\/wp\/v2\/pages\/160\/revisions\/1404"}],"wp:attachment":[{"href":"https:\/\/www.xn--tsv-brli-4za.at\/index.php?rest_route=%2Fwp%2Fv2%2Fmedia&parent=160"}],"curies":[{"name":"wp","href":"https:\/\/api.w.org\/{rel}","templated":true}]}}