{"id":1053,"date":"2021-01-13T21:21:59","date_gmt":"2021-01-13T20:21:59","guid":{"rendered":"http:\/\/www.xn--tsv-brli-4za.at\/?page_id=1053"},"modified":"2021-01-13T21:53:34","modified_gmt":"2021-01-13T20:53:34","slug":"pascal-2","status":"publish","type":"page","link":"https:\/\/www.xn--tsv-brli-4za.at\/?page_id=1053","title":{"rendered":"Pascal"},"content":{"rendered":"\n<div class=\"wp-block-media-text alignwide is-stacked-on-mobile is-vertically-aligned-center\"><figure class=\"wp-block-media-text__media\"><img loading=\"lazy\" decoding=\"async\" width=\"878\" height=\"768\" src=\"http:\/\/www.xn--tsv-brli-4za.at\/wp-content\/uploads\/2016\/06\/IMG-20160521-WA0003.jpg\" alt=\"\" class=\"wp-image-274 size-full\" srcset=\"https:\/\/www.xn--tsv-brli-4za.at\/wp-content\/uploads\/2016\/06\/IMG-20160521-WA0003.jpg 878w, https:\/\/www.xn--tsv-brli-4za.at\/wp-content\/uploads\/2016\/06\/IMG-20160521-WA0003-768x672.jpg 768w\" sizes=\"auto, (max-width: 878px) 100vw, 878px\" \/><\/figure><div class=\"wp-block-media-text__content\">\n<p>Pascal Leitgeb ist 17 Jahre jung und ist uns ebenfalls eine gro\u00dfe Hilfe bei der Aufzucht der Pflegekatzen. Er ist sehr flei\u00dfig und wir sind sehr froh, dass er da ist!<\/p>\n\n\n\n<ul class=\"wp-block-list\"><li>Sternzeichen: L\u00f6we<\/li><li>Lieblingsfarbe: gelb<\/li><li>Lieblingstier: Katze<\/li><li>Lieblings-Musik: Shawn Mendes-Stitches<\/li><li>Hobbys: Darts, Tischtennis, Fu\u00dfball schauen<\/li><\/ul>\n<\/div><\/div>\n","protected":false},"excerpt":{"rendered":"<p>Pascal Leitgeb ist 17 Jahre jung und ist uns ebenfalls eine gro\u00dfe Hilfe bei der Aufzucht der Pflegekatzen. Er ist sehr flei\u00dfig und wir sind sehr froh, dass er da ist! Sternzeichen: L\u00f6we Lieblingsfarbe: gelb Lieblingstier: Katze Lieblings-Musik: Shawn Mendes-Stitches Hobbys: Darts, Tischtennis, Fu\u00dfball schauen<\/p>\n","protected":false},"author":2,"featured_media":0,"parent":0,"menu_order":0,"comment_status":"closed","ping_status":"closed","template":"","meta":{"_mi_skip_tracking":false,"_exactmetrics_sitenote_active":false,"_exactmetrics_sitenote_note":"","_exactmetrics_sitenote_category":0,"footnotes":""},"class_list":["post-1053","page","type-page","status-publish","hentry"],"_links":{"self":[{"href":"https:\/\/www.xn--tsv-brli-4za.at\/index.php?rest_route=\/wp\/v2\/pages\/1053","targetHints":{"allow":["GET"]}}],"collection":[{"href":"https:\/\/www.xn--tsv-brli-4za.at\/index.php?rest_route=\/wp\/v2\/pages"}],"about":[{"href":"https:\/\/www.xn--tsv-brli-4za.at\/index.php?rest_route=\/wp\/v2\/types\/page"}],"author":[{"embeddable":true,"href":"https:\/\/www.xn--tsv-brli-4za.at\/index.php?rest_route=\/wp\/v2\/users\/2"}],"replies":[{"embeddable":true,"href":"https:\/\/www.xn--tsv-brli-4za.at\/index.php?rest_route=%2Fwp%2Fv2%2Fcomments&post=1053"}],"version-history":[{"count":2,"href":"https:\/\/www.xn--tsv-brli-4za.at\/index.php?rest_route=\/wp\/v2\/pages\/1053\/revisions"}],"predecessor-version":[{"id":1070,"href":"https:\/\/www.xn--tsv-brli-4za.at\/index.php?rest_route=\/wp\/v2\/pages\/1053\/revisions\/1070"}],"wp:attachment":[{"href":"https:\/\/www.xn--tsv-brli-4za.at\/index.php?rest_route=%2Fwp%2Fv2%2Fmedia&parent=1053"}],"curies":[{"name":"wp","href":"https:\/\/api.w.org\/{rel}","templated":true}]}}